 4*z(d). Give m(5).
-7
Let m(n) be the third derivative of 2*n**5/15 - n**4/24 - n**3/6 - 3*n**2. Calculate m(-1).
8
Let s(d) = 15*d**2 + d. Let y = 28 + -29. What is s(y)?
14
Let o be (-14)/(-8) + (-12)/16. Let q(g) = -o + 6*g + 2*g**2 + 3 - g**2. Let u be -5 - (-2 + 1)*0. Give q(u).
-3
Let c = 4 - 1. Let h(g) = -5*g - 3. Let w(a) = -9*a - 6. Suppose 0 = -2*z - z + 15, -v - 21 = -2*z. Let k(b) = v*h(b) + 6*w(b). What is k(c)?
0
Let g(l) be the third derivative of l**5/60 - l**4/24 - 5*l**3/6 + 4*l**2. Let x be g(3). Let w(r) = -6*r**3 - r**2 - r + 1. Determine w(x).
-7
Let l(t) = 4*t**3 + 22*t**2 + 4*t + 6. Let i(g) = g**3 + 7*g**2 + g + 2. Let k(c) = -7*i(c) + 2*l(c). What is k(5)?
3
Let b(n) = n**3 + 3*n + n + 1 + 3*n**2 + 1 + n**2. Let x be (1 - 3)/((-10)/(-15)). What is b(x)?
-1
Let z(y) be the first derivative of -y**4/4 + 2*y**3 + 3*y**2 + 3*y - 37. Give z(7).
-4
Let y(g) be the first derivative of -g**6/120 - g**5/60 - g**4/24 + g**3/6 - 2*g**2 - 6. Let q(i) be the second derivative of y(i). Give q(0).
1
Let m be ((-3)/2)/(9/12). Let q = m + 4. Let z(x) be the first derivative of -x**4/4 + x**3 - 2*x**2 + 2*x - 2. Calculate z(q).
-2
Let h(c) = c + 0 + 3*c + 1 + 0 + c**2. Suppose 5*r = 5*n + 60, 4*r + n - 16 = -3*n. Let a be 2/r + 17/(-4). Calculate h(a).
1
Let y(f) = f. Let u = -4 - -4. Let t(o) = -o**3 - o**2 - 4. Let q be t(u). Calculate y(q).
-4
Let c(g) = 9*g + 8. Let z(k) be the third derivative of -k**4/8 - k**3/2 - k**2. Let o(y) = -4*c(y) - 11*z(y). Give o(-1).
4
Let o(l) = 0*l + 1 + 3*l + 2*l. Let w = 4 + -2. Let d be (-1)/((-2)/(4/w)). What is o(d)?
6
Suppose -2*t - 30 = -8*t. Suppose 2 = t*v + 4*o + 1, -v = -o + 7. Let p(h) = h**3 + 2*h**2 - 2*h - 1. Give p(v).
-4
Let i(m) = -m**3 + 3*m**2 - 4*m + 3. Suppose 0 = -3*h - 2 + 8. Give i(h).
-1
Let s(o) = o**2 + 4*o + 3. Suppose 0 = -4*i + 5*i - 3*m - 17, -4*i = -5*m - 33. Let y be i/(-5) - (-62)/5. Suppose 2*a = -y + 4. Give s(a).
3
Let y = 12 - 7. Let d(l) = -6 + 2*l**3 + y*l**2 - 7*l - 2*l**3 - 3*l**3 + 4*l**3. Determine d(-6).
0
Let k(y) = y**3 + 8*y**2 - y - 7. Let f be k(-8). Suppose -f = 2*h + 11. Let u(i) = -i**2 - 7*i + 2. What is u(h)?
8
Let s(x) = -x - 8. Let o be (5/(-10))/((-3)/(-36)). Determine s(o).
-2
Let f(z) = z**2 - 1 + 6*z - 1 - 3*z + 0*z. Calculate f(-4).
2
Let c(b) = b**3 + 8*b**2 - 10*b - 13. Let s be c(-9). Let k(h) = h - 4*h + 2*h. What is k(s)?
4
Let o = 11 + -9. Suppose -3*u - 14 = o*f, 0*f + 21 = -3*f - 4*u. Let h(t) = t + 5. Let a be h(f). Let q(s) = s. Give q(a).
-2
Let l(g) = 2*g + 9. Let m be l(9). Suppose 0 = 5*y + 7 - m. Let d(f) = -f - y*f + 4*f. Determine d(2).
-2
Let s(g) = g**2 - 5*g - 3. Suppose 0*l - 12 = -3*l. Calculate s(l).
-7
Let x(b) be the third derivative of -b**7/5040 - b**6/240 + b**5/12 - 8*b**2. Let a(w) be the third derivative of x(w). Calculate a(-6).
3
Let l(p) = p - 4*p**2 - 5 + 3*p**3 + 5*p**2 + 2 + 1. Let y be l(1). Let f(u) = -u - 2. Give f(y).
-5
Let d = 19 - 12. Let o = d - 3. Let f(s) = -1 + s**2 - s - 2*s**2 + o. What is f(0)?
3
Let f(a) = -a**3 - 10*a**2 - 9*a + 2. Let i be f(-9). Let x(m) = 4 + 3*m**i - 3 - 2*m**2 - m + 3. What is x(0)?
4
Suppose 3*y = -3*q - 27, -5*y + 2*q = 3*q + 25. Let o = y + 7. Let i(s) = -s**3 + 5*s**2 - 4*s + 2. What is i(o)?
8
Let z(i) be the third derivative of -i**4/24 - i**3 - 7*i**2. Suppose x - 17 = 4*j, 5*j + 40 = 6*x - x. Give z(x).
-11
Suppose 5*g = -13 + 73. Let v = 10 - g. Let j(d) = -d**3 - 3*d**2 - d + 2. Give j(v).
0
Let d(f) be the first derivative of f**2/2 + f - 2. Suppose 4*r - 4*s - 5 = -1, -2*r + 10 = 2*s. Let i be 6/r + (2 - 2). Determine d(i).
3
Let p(f) = 6*f**3 - 5*f**2 + 7*f - 1. Let h(o) = -o**3 - 1. Let k(s) = -5*h(s) - p(s). Give k(4).
-6
Let p(r) = r**2 + 4*r - 1. Suppose -4*d + 3*f = 12, 3*f - 3 = d - 0. Calculate p(d).
-4
Let t(w) = -w**3 + 5*w**2 - 2*w - 2. Let o = 8 + -14. Let x be (-8)/24 + (-20)/o. What is t(x)?
10
Let g(u) = 2 - 3 + 0 + u. Suppose 5*y = 0, 4*v - 4*y + 14 + 2 = 0. Calculate g(v).
-5
Let a(d) = d**3 + 13*d**2 + 12*d - 6. Let w be a(-12). Let n(x) = x**2 + 3*x - 8. Calculate n(w).
10
Suppose -3*p + 8 = -g, -5*g - 6*p = -2*p - 36. Let i(y) = -5*y + 0 + 3 - y**2 - g + 4. Let c be i(-6). Let j(q) = -q**2 - 3*q - 1. Determine j(c).
-1
Suppose 2*k = -k + 3. Let x(p) = -p + 1. Calculate x(k).
0
Let l be (1 - -1)/((-14)/(-21)). Let a(r) = r**3 - 3*r**2 + 2*r + 2. Give a(l).
8
Let z(u) = 5*u + 3. Let r(x) = -14*x - 9. Let j(b) = 2*r(b) + 7*z(b). What is j(3)?
24
Let r(f) = 5*f - 2. Let x(k) = -4*k + 2. Let h(j) = -3*r(j) - 4*x(j). Let v be h(4). Let y(o) = 3 - o + v*o + 3*o - o**2. Determine y(3).
6
Let v = -1 - -6. Suppose -5*m + w = 3*w - 9, -2*m + v*w + 21 = 0. Let o be m/((-6)/16*2). Let x(t) = t**3 + 3*t**2 - 3*t + 5. Give x(o).
1
Suppose -4 = 5*t - 14. Let g(u) = -5*u + 2*u + 22 + u**2 + u - 20. Calculate g(t).
2
Let h(s) be the first derivative of s**2/2 + 2*s + 1. What is h(3)?
5
Let v(m) = m**3 - m**2 - m + 1. Let n(x) = 5*x**3 - 12*x**2 + 3*x + 8. Let s(t) = n(t) - 4*v(t). Determine s(7).
4
Suppose 5*m + 6 + 19 = 0. Let u(v) = -3*v**2 + 9*v - 1. Suppose 4*f - 20 = -f. Let d(w) = 7*w**2 - 19*w + 1. Let r(y) = f*d(y) + 9*u(y). Give r(m).
-5
Let p = 1 + -1. Suppose -3*x - 6 = -3*h - 7*x, 4*h = 5*x + 8. Let u(r) = h*r - 2 - 4*r + r. What is u(p)?
-2
Let x be (0 - 1)*4/1. Let c be x/1 + 3 - -9. Suppose 4 = 4*s - c. Let r(m) = m**2 - m + 2. Determine r(s).
8
Let p(b) = b. Let w(k) be the first derivative of -k + 1/2*k**2 - 1/4*k**4 + 1/3*k**3 + 3. Let g be w(2). Give p(g).
-3
Let w(n) = n**2 + 2*n + 5. Let b be w(-3). Let a(g) = -3*g**2 + 11*g + 9. Let c(f) = 5*f**2 - 17*f - 14. Let j(k) = b*a(k) + 5*c(k). What is j(-2)?
0
Suppose 2*n - 15 = -n. Let j(v) = -2 + 2 + 4 - n. Let b(c) = c - 6. Let s(o) = 3*b(o) - 15*j(o). Determine s(3).
6
Let k(v) = -v**3 + 7*v**2 - 4*v - 3. Let l be 2/(-7) - 132/(-21). Give k(l).
9
Let h(i) = 3*i**3 + 4*i**2 + 2*i - 1. Suppose d - 2*d = 4*z - 14, 3*d + 4*z - 10 = 0. Give h(d).
-13
Let s be (-2)/5*(-6 + 1). Suppose -s*h - 15 = h. Let v(o) = -4*o**2 + 9*o - 9. Let w(j) = 5*j**2 - 10*j + 10. Let p(t) = 6*v(t) + 5*w(t). Calculate p(h).
1
Let m(l) = -2*l + 35 - 17 - 21. What is m(-2)?
1
Suppose h + 1 = k, -4*k + 0 + 8 = -2*h. Let g(y) be the first derivative of 4 - 3*y - 1/2*y**2 - 5/3*y**k + 1/4*y**4. Calculate g(5).
-8
Let k(z) = -2*z - 7. Let q(o) = 3*o + 10. Let u(t) = 7*k(t) + 5*q(t). Let g(d) = -3*d - 4. Let y(i) = -g(i) - u(i). What is y(-3)?
-3
Let d(f) = 0*f**3 - 7*f - 1 + 2*f**3 - 9*f**2 - 3*f**3 + 0. What is d(-8)?
-9
Let q(y) = 0*y + 3*y + 5 - 4*y + 2*y. Calculate q(5).
10
Let z(s) be the first derivative of s**4/4 - 2*s**3 - 7*s**2/2 - 3*s + 1. Let v = 10 + -6. Suppose -v*o = -12, 2*a - o + 17 = 4*a. Give z(a).
-3
Let k(m) = 35*m - 16. Let a(j) = 10*j - 6. Let v(b) = 21*b - 13. Let n(o) = 7*a(o) - 3*v(o). Let c(d) = 2*k(d) - 11*n(d). Calculate c(1).
-6
Let t(w) = -3*w + 4. Let c(s) = -8*s - 6. Let i be c(-4). Let z be (-8)/(-20) + i/10. Calculate t(z).
-5
Suppose -3*f = -y - 2*y - 21, 2*y - 7 = -f. Suppose -2*u = 3 + f. Let s(c) = -2 - 2*c - 6*c**2 + 0*c**2 - 3*c - c**3. Calculate s(u).
-2
Let s(k) = -48 + 5*k - 54 + k**3 + 100 + 7*k**2. What is s(-6)?
4
Let p(u) = 14*u - 12*u + 3*u. Determine p(-3).
-15
Suppose -3*s - 3 = -12. Let i(w) = 3*w**2 + 8*w + 1. Let c(k) = -2*k**2 - 4*k. Let x(m) = s*i(m) + 5*c(m). What is x(4)?
3
Suppose -4*w = -4*k + 4, 0 - 4 = -2*k. Let a(b) = -10*b**2 - 8*b - w + 4*b**2 + 5*b**2. Give a(-6).
11
Let h = 25 - 12. Suppose -4*a - h = -4*k - 3*a, -4*a - 4 = 0. Let y(x) = 1 + 5*x - 4*x + 2 + k. What is y(-5)?
1
Let s(b) be the second derivative of -2*b**5/15 + b**3/6 + 3*b**2/2 + 3*b. Let v(f) be the first derivative of s(f). Calculate v(-1).
-7
Let w(h) = h**3 + 3*h**2 + 3*h + 2. Let b be w(-3). Let j(d) = -d - 2. What is j(b)?
5
Suppose -3*g - 7 = -4*c, -4*g - 7 = -3*c - 0*g. Let f = c - -1. Let z(h) = -3*h**f - 2*h**2 - h + 0*h**2. Determine z(-1).
-4
Suppose -5*b - i = 8, -2 = -3*b - 6*i + 2*i. Suppose 4*x - 1 - 11 = 0. Let h(v) = 0*v**3 - 4 + 3 + v**x - 2*v. Give h(b).
-5
Let y(o) be the second derivative of -o**4/6 - o**3/2 + o. Let b(d) = -d**2 + 2*d + 1. Let c be b(-1). Let u be 0 + c - 0 - 0. What is y(u)?
-2
Let h(g) be the first derivative of -4*g**3 + 6. Determine h